hat are the prime factors of 41095229?
7, 43, 311, 439
What are the prime factors of 2413298796?
2, 3, 201108233
What are the prime factors of 110827893?
3, 11, 19, 16069
What are the prime factors of 187363528?
2, 11, 17, 125243
What are the prime factors of 979729471?
7, 19, 179, 5879
What are the prime factors of 2900349251?
2900349251
What are the prime factors of 29025483?
3, 19, 26801
What are the prime factors of 460636032?
2, 3, 1199573
List the prime factors of 3341640403.
6803, 491201
List the prime factors of 401902817.
31, 743, 17449
List the prime factors of 294564186.
2, 3, 7, 333973
List the prime factors of 565742585.
5, 29, 3901673
What are the prime factors of 1442572348?
2, 7, 7360063
List the prime factors of 27347628.
2, 3, 7, 11, 17, 1741
List the prime factors of 7631586038.
2, 107, 3209, 11113
List the prime factors of 45816768.
2, 3, 17, 4679
What are the prime factors of 4193812624?
2, 73, 3590593
List the prime factors of 1362019430.
2, 5, 17, 149, 3163
List the prime factors of 2847610798.
2, 37, 199, 193373
List the prime factors of 307711674.
2, 3, 17095093
List the prime factors of 167074238.
2, 6229, 13411
What are the prime factors of 39118226?
2, 7, 19, 199, 739
What are the prime factors of 40769050?
2, 5, 7, 116483
What are the prime factors of 580227563?
29, 20007847
List the prime factors of 1508031646.
2, 11, 97, 706669
What are the prime factors of 132736095?
3, 5, 1031, 2861
What are the prime factors of 122014020?
2, 3, 5, 29, 70123
What are the prime factors of 29776139?
29776139
What are the prime factors of 217387881?
3, 23, 116687
What are the prime factors of 110495792?
2, 11, 19, 173, 191
List the prime factors of 5137442481.
3, 29, 31, 53, 127, 283
What are the prime factors of 48585824?
2, 7, 216901
What are the prime factors of 1626713894?
2, 13, 1013, 4751
What are the prime factors of 83097319?
1451, 57269
What are the prime factors of 972554393?
167, 797, 7307
List the prime factors of 2069193453.
3, 41, 16822711
What are the prime factors of 733466741?
7, 2138387
What are the prime factors of 343337058?
2, 3, 19074281
What are the prime factors of 923042004?
2, 3, 79, 83, 11731
What are the prime factors of 2673893537?
7, 381984791
List the prime factors of 444444753.
3, 17, 1931, 4513
List the prime factors of 852081425.
5, 13, 2621789
List the prime factors of 583742977.
61, 9569557
What are the prime factors of 2942033700?
2, 3, 5, 9806779
What are the prime factors of 949352861?
949352861
List the prime factors of 1032906417.
3, 17, 107, 191, 991
List the prime factors of 202835923.
59, 3437897
List the prime factors of 1024627221.
3, 31, 3672499
List the prime factors of 69523991.
29, 43, 127, 439
What are the prime factors of 187236859?
23, 131, 62143
List the prime factors of 12366674.
2, 241, 25657
What are the prime factors of 33338159?
33338159
What are the prime factors of 2083662631?
71, 353, 83137
What are the prime factors of 5912096922?
2, 3, 328449829
List the prime factors of 1808833259.
263, 6877693
What are the prime factors of 2386048429?
10627, 224527
What are the prime factors of 136690943?
136690943
What are the prime factors of 6819173246?
2, 17, 200563919
List the prime factors of 483066248.
2, 7, 67, 128749
What are the prime factors of 724064515?
5, 144812903
What are the prime factors of 28942128?
2, 3, 200987
List the prime factors of 7844894240.
2, 5, 49030589
What are the prime factors of 162374643?
3, 83, 217369
List the prime factors of 3244125192.
2, 3, 7, 11, 159589
List the prime factors of 78436881.
3, 8715209
What are the prime factors of 57852562?
2, 28926281
What are the prime factors of 1739853624?
2, 3, 72493901
What are the prime factors of 37474986?
2, 3, 6245831
What are the prime factors of 702837537?
3, 43, 137, 39769
What are the prime factors of 882917152?
2, 13, 233, 9109
What are the prime factors of 324754386?
2, 3, 11, 283, 17387
List the prime factors of 7463369355.
3, 5, 13, 38273689
What are the prime factors of 475163?
13, 36551
List the prime factors of 134059802.
2, 67029901
List the prime factors of 794812424.
2, 7, 17, 67, 733
List the prime factors of 55989742.
2, 27994871
What are the prime factors of 543121063?
543121063
List the prime factors of 158290805.
5, 19, 31, 59, 911
What are the prime factors of 59827577?
23, 43, 60493
What are the prime factors of 2469947916?
2, 3, 59, 3488627
List the prime factors of 97330977.
3, 19, 7027
List the prime factors of 131908702.
2, 263, 250777
What are the prime factors of 735507498?
2, 3, 11, 11144053
List the prime factors of 194927872.
2, 761437
List the prime factors of 61329705.
3, 5, 61, 97, 691
List the prime factors of 973934794.
2, 7, 17, 19, 37, 5821
List the prime factors of 273200346.
2, 3, 15177797
What are the prime factors of 189237816?
2, 3, 421, 2081
What are the prime factors of 420351283?
11, 431, 88663
What are the prime factors of 6154083304?
2, 313, 317, 7753
List the prime factors of 2686343075.
5, 13, 23, 359377
What are the prime factors of 50217162?
2, 3, 8369527
List the prime factors of 96010256.
2, 6000641
List the prime factors of 56580891.
3, 18860297
What are the prime factors of 23192067?
3, 2663, 2903
What are the prime factors of 86350073?
23, 1439, 2609
What are the prime factors of 5601067571?
11, 17, 23, 131, 9941
List the prime factors of 569485534.
2, 503, 566089
What are the prime factors of 235749337?
235749337
What are the prime factors of 101157074?
2, 50578537
What are the prime factors of 60983964?
2, 3, 17, 251, 397
List the prime factors of 56247364.
2, 14061841
What are the prime factors of 3206911012?
2, 89, 9008177
What are the prime factors of 407858745?
3, 5, 7, 173, 22453
List the prime factors of 599066702.
2, 13, 337, 68371
List the prime factors of 336352562.
2, 7, 13, 264013
What are the prime factors of 263156029?
263156029
What are the prime factors of 3624688213?
163, 1009, 22039
What are the prime factors of 66519114?
2, 3, 19, 583501
List the prime factors of 49550472.
2, 3, 688201
List the prime factors of 139885463.
139885463
What are the prime factors of 424286822?
2, 212143411
What are the prime factors of 3580761065?
5, 7, 67, 1526977
What are the prime factors of 532284512?
2, 53, 283, 1109
List the prime factors of 302172962.
2, 7, 13, 673, 2467
List the prime factors of 4379507677.
4379507677
What are the prime factors of 2109447709?
59, 10271
What are the prime factors of 28981429?
2663, 10883
What are the prime factors of 18195867?
3, 673921
List the prime factors of 540087379.
13, 157, 264619
List the prime factors of 2631556954.
2, 13, 31, 53, 61603
List the prime factors of 7025202705.
3, 5, 468346847
What are the prime factors of 1129622957?
47, 433, 1181
What are the prime factors of 885612368?
2, 139, 398207
List the prime factors of 60171352.
2, 1613, 4663
What are the prime factors of 79187372?
2, 11, 1799713
What are the prime factors of 151515017?
2791, 54287
List the prime factors of 22842760.
2, 5, 571069
List the prime factors of 113421018.
2, 3, 353, 53551
List the prime factors of 1360194999.
3, 23, 37, 532783
What are the prime factors of 3682017?
3, 131, 347
List the prime factors of 1918156561.
661, 2901901
List the prime factors of 159538607.
61, 167, 15661
List the prime factors of 51189608.
2, 43, 67, 2221
What are the prime factors of 560390432?
2, 7, 29, 281, 307
What are the prime factors of 216949312?
2, 103, 32911
List the prime factors of 73327169.
43, 113, 15091
What are the prime factors of 2867064833?
2867064833
List the prime factors of 1876817122.
2, 1999, 469439
What are the prime factors of 479623629?
3, 159874543
List the prime factors of 249994303.
13, 43, 447217
What are the prime factors of 23386447?
7, 571, 5851
List the prime factors of 4278829105.
5, 855765821
What are the prime factors of 394394089?
394394089
What are the prime factors of 4435287096?
2, 3, 2957, 62497
What are the prime factors of 38559489?
3, 12853163
What are the prime factors of 109387101?
3, 29, 1257323
What are the prime factors of 43127466?
2, 3, 29, 59, 4201
What are the prime factors of 128357883?
3, 367, 38861
List the prime factors of 216298580.
2, 5, 10814929
List the prime factors of 3252